 17. Let p = 35 + -52. Let z(x) = p*i(x) + 6*k(x). Determine z(c).
4
Let i(o) = -o**2 + 4*o + 5. Suppose -s - 6 - 6 = -2*q, 5*q + s - 44 = 0. Let l = -4 + q. Calculate i(l).
5
Let m(r) = -r**3 - 2*r**2 - r + 3. Let o(h) = -5*h**3 - 9*h**2 - 5*h + 11. Let c(z) = -z**2 - 5*z - 3. Let n be c(-6). Let t(v) = n*m(v) + 2*o(v). What is t(0)?
-5
Let q(b) = 11*b + 5. Let o(j) = -2*j - 1 - 6*j + 4*j - 1. Let c(x) = -8*o(x) - 3*q(x). What is c(3)?
-2
Let a(b) = 6 + 10*b**2 - 3 - 13*b**2 - 1. Determine a(2).
-10
Let c = 1 + 0. Let x(l) = 0*l - 5*l + c - 2. Suppose 0*b - 5 = 5*b - 2*o, -25 = -5*o. Determine x(b).
-6
Let y(h) be the third derivative of -1/24*h**4 + 1/3*h**3 + 2*h**2 + 0*h + 0. Determine y(4).
-2
Let u(o) = -4*o - 9. Let t = 128 - 132. Calculate u(t).
7
Let i be 1 - (4 + -2 - 3). Let y = i + -3. Let p(r) = -33*r**2 + 17*r + 4. Let g(c) = -8*c**2 + 4*c + 1. Let a(w) = 9*g(w) - 2*p(w). Calculate a(y).
-7
Let h(x) = -x. Suppose 6*c - 15 = c. Suppose c*b = 3 + 3. Calculate h(b).
-2
Let l(f) = f + 2. Let h(r) = -2*r. Let c be h(-1). Suppose k = -c*k. Suppose k = 2*m + j - 5, 4*m - 3*j + 0 = 25. Give l(m).
6
Let h(s) = -s**2 - 6*s + 3. Suppose 21 = -5*p - 4. Calculate h(p).
8
Let x(w) be the first derivative of 8*w + 3 - 1/2*w**2. Calculate x(0).
8
Let t(g) = -7*g + 21. Let a(v) = 4*v - 11. Let r(h) = 5*a(h) + 3*t(h). Let m = 1 - 1. Give r(m).
8
Let f(b) = b**2 - b - 3. Let y(d) = -d**3 - 6*d**2 + 11*d - 1. Let o be y(-8). Suppose 0 = -5*p - 14 + o, n = -3*p + 12. What is f(n)?
9
Let o(h) = -h. Let x(w) = w**3 - 5*w**2 + 4*w - 6. Let t(k) = o(k) - x(k). Calculate t(4).
2
Let q(y) = y**2 - y - 3. Let p(v) = 3*v - 12. Let f be p(4). Determine q(f).
-3
Let w(j) be the first derivative of -j**3/3 + j**2/2 - j - 13. What is w(0)?
-1
Let d be (11/33)/(1/(-9)). Let s(v) = -2*v. Give s(d).
6
Let c be (-2)/4*0/(-3). Suppose 4*s - s - 6 = c. Let a(f) = f**3 - f**2 - 3*f + 1. Give a(s).
-1
Let n(w) be the first derivative of -w**4/4 + w**3/3 + w**2/2 + 1. Let k be n(2). Let j(a) be the first derivative of -a**3/3 + a**2/2 + a + 2. Determine j(k).
-5
Let o(p) = p - 1 + 2 - 2*p. Give o(2).
-1
Suppose -j + 10 = -6*j. Let y(i) = -i**3 - i**2 + i + 2. Determine y(j).
4
Let d be 3 - 5 - 15/(-6). Let a(h) be the second derivative of 1/3*h**3 + d*h**2 + 0 - h - 1/12*h**4. Determine a(2).
1
Let o(n) be the third derivative of -n**2 - 1/12*n**4 + 0 + 0*n + 4/3*n**3. Determine o(6).
-4
Let j(n) = -n**3 - 2*n**2 - n - 3. Suppose -3*u = -8*u. Let l be 3 - (4 - (u - -1)). Let b be l - 4/((-4)/(-3)). What is j(b)?
9
Let y(h) = 4*h - 12*h + h + 8*h**2 + 0*h**3 - 1 - h**3. Calculate y(6).
29
Let t be ((-5)/(-2))/(1/2). Let u(q) = 7*q - 9. Let j(c) = -10*c + 14. Let s(b) = -5*j(b) - 7*u(b). What is s(t)?
-2
Let f(w) be the second derivative of 2*w**3/3 - w**2/2 - 6*w. Determine f(1).
3
Let j(a) = 2*a**2 - 4 + a**3 - 2*a**2 - 4*a**2. Suppose -b - b + 28 = 0. Suppose -2*y = -b + 6. What is j(y)?
-4
Suppose 4*i - 4 = 5*x, -5*i + 1 = -4*i - 5*x. Suppose -2*b = -1 - i. Let w = b + 0. Let h(g) = -g + 1. Give h(w).
0
Let y be ((-7)/(-1))/(11 + -12). Let b(c) = c + 2. Give b(y).
-5
Suppose 0*h = -5*c + 4*h + 20, -4 = -c - 3*h. Let g(d) be the third derivative of 0 - 1/60*d**5 + 0*d - 1/12*d**c + 1/3*d**3 - 2*d**2. Determine g(-3).
-1
Let l(f) be the first derivative of f**2/2 - 5*f - 8. Give l(7).
2
Let q(l) = -5*l + 11. Let z(b) = -b + 2. Let h(o) = 4*q(o) - 22*z(o). Determine h(-2).
-4
Let g(x) = -9*x**2 + 4 + 8*x**2 - 4*x + 1 - 2. Suppose 1 + 4 = -f. Give g(f).
-2
Let b(r) = 3*r - 10. Let d(c) = -c + 3. Suppose 0 = 2*s + 16 - 2. Let i(a) = s*d(a) - 2*b(a). Determine i(3).
2
Let s(k) = -k**3 + k - 1. Suppose 4*m - 30 = -2*q, -16 = -4*m - 0*m. Let t = -5 + q. Give s(t).
-7
Suppose 2*z = 4*q - 4, 8 = 2*q - 4*z - 6. Let m(i) be the second derivative of 7*i**3/6 - i**2/2 - i. Give m(q).
-8
Let b(x) be the third derivative of x**4/24 - x**3/2 + 20*x**2. Calculate b(-6).
-9
Let j be 3/3*6 + -3. Let z(g) = j - 1 - 1 + 4*g. Calculate z(-2).
-7
Let d(b) = b - 3. Let w(u) = 2*u - 4. Let q(n) = -5*d(n) + 4*w(n). Let r be (6 + -1)*6/(-15). Calculate q(r).
-7
Let i(u) = u**2 - 3*u - 3. Let y be (-10)/(-1 - -3) + -2. Let r = y - -11. Suppose r*n - 8 = 4. Give i(n).
-3
Let r(m) = -m + 5. Let z be r(3). Let x(j) = -3*j - 5 - j**2 + j**2 + j**z. Suppose 5*y + 5 = -5*t - 0*y, -2*y = -2*t + 18. Determine x(t).
-1
Let q(o) = -o**2 + 6*o + 4. Let d(z) = z**2 + z - 14. Let h be d(4). Calculate q(h).
4
Let j(m) be the second derivative of -m**4/12 - 2*m**3/3 - 13*m. Give j(-3).
3
Let o(f) = 5*f - 12. Let q(d) = d. Let j(g) = -o(g) + 4*q(g). What is j(0)?
12
Let p = 2 - 1. Suppose -u + 4*y + 21 = 0, u - 4*y = -9*y - 15. Let m(t) = t**2 - 7*t + 2. Let c(b) = b**2 - 4*b + 1. Let k(z) = u*c(z) - 3*m(z). Give k(p).
2
Let m(v) be the second derivative of -v**3/6 - 4*v**2 - v. Determine m(-8).
0
Let z be (-2)/7 - (-46)/14. Let r(b) be the third derivative of 1/3*b**z + 0 - 1/12*b**4 - b**2 + 0*b. What is r(4)?
-6
Let b = -2 + 5. Let j(i) = i**3 - 3*i**2 - 2*i - 1. Give j(b).
-7
Let q(r) = -r - 3*r - 4 + 2*r**2 + 0*r**2 + r**3. Let y(a) = -7*a**3 + a. Let t be y(-1). Let b = 3 - t. Give q(b).
-1
Let x(t) = 5*t - 5. Let v(q) = q - 1. Let z(h) = 11*v(h) - 2*x(h). Suppose 2*j - 11 = 4*y + 3, 3*y = 3*j - 12. Calculate z(y).
-4
Let v(y) = y - 11. Let q be v(8). Let m(h) = h**3 + 2*h - 6*h + h + 2. Let b(j) = j**2 + j - 1. Let p(z) = 4*b(z) + m(z). What is p(q)?
4
Let o(q) = 3*q + 3. Let z(d) = d + 1. Suppose -5*g = -g. Suppose g = 6*a - 2*a - 2*n - 26, a - n - 9 = 0. Let t(x) = a*z(x) - o(x). What is t(3)?
4
Let t(y) = -y**2 - y - 3. Let k = 16 - 19. Calculate t(k).
-9
Let c(y) = -5*y**2 + y + 4. Let n(k) = 6*k**2 - k - 4. Let j(s) = 4*c(s) + 3*n(s). Determine j(3).
-11
Let a = 23 - 11. Let b be 3 - a/4 - -5. Let m(v) = -5*v + 3*v**3 + 6*v**2 - 7*v**3 + 3*v**3 + 2. Calculate m(b).
2
Let d(n) = 3 - 7*n**2 + 4*n**2 + 2*n**2 - 5*n. What is d(-6)?
-3
Let w(v) = -v**2 - v. Suppose -2 = -3*c + k - 3*k, 10 = 3*c + 4*k. Let t be w(c). Let o(f) = 11 - 28 + 17 + 2*f**2 + f**3. What is o(t)?
0
Let k(j) be the third derivative of -5*j**4/24 + 8*j**2. Calculate k(1).
-5
Suppose 0 = 5*a + 16 + 14. Let b be (4 + 33/a)*4. Let r(g) = -g - 7. Give r(b).
-1
Let z(o) = -o**2 + o + 2. Let w be z(-2). Let k(m) = -32 - m + 8 + 10 + 13. Calculate k(w).
3
Let i(a) = a**3 - 3*a**2 - 2*a - 4. Let u = 2 + 5. Suppose u*b - 12 = 3*b - 2*k, -3*k = 0. Calculate i(b).
-10
Let s(h) = 4*h - 5. Let q(b) = b - 1. Let x(z) = 6*q(z) - s(z). Let k(l) = 1. Let w(d) = -2*k(d) - x(d). Give w(2).
-5
Suppose -5*o - 35 = -5*q, -3*o + 2 - 13 = 2*q. Let w(a) = 0*a**2 - 2*a**3 + 3*a**3 - a - 2*a + a**q + 4. Give w(-3).
-5
Suppose -5*w - 24 - 1 = 0. Let d(f) = -f**3 - 6*f**2 - 2*f + 4. Calculate d(w).
-11
Let g(l) be the first derivative of -l**2/2 + 4*l - 5. Suppose 0*k = -k + 5. Calculate g(k).
-1
Let r(m) = -3*m + 2. Let c be (-3 - -3 - 9) + 3. Let x(f) = -f**2 - 5*f + 2. Let l be x(-6). Let u = c - l. Calculate r(u).
8
Suppose 0 = -3*b + 6*b - 36. Let a be (9/b)/((-1)/4). Let j(h) be the first derivative of h**3/3 - h**2/2 - 4*h + 2. What is j(a)?
8
Let f(u) = 0 + 4*u**2 - 1 - 3*u**2 - 5*u**3. What is f(1)?
-5
Let v(o) = o - 7. Let d be v(6). Let l(c) = 21*c**2 - 1. Give l(d).
20
Let t(d) = d**3 + 2*d**2 + 1. Let i be -3*(2 - (-10)/(-3)). Suppose -3*f - 3*x - i = 11, -5*f - x - 17 = 0. Calculate t(f).
-8
Let f(j) = j**2 + 5*j - 2. Let u be f(-6). Let s(h) be the second derivative of h**3/6 + h. Give s(u).
4
Let p(w) = -9*w**2 - 2*w - 1. Suppose 0 = -2*u - 2*a + 6*a - 12, -4*u - 2*a + 6 = 0. Let v = u + 3. Let d be v/(-4) - (-5)/(-20). Calculate p(d).
-8
Suppose -d + 5*o = -4*d - 6, 15 = -5*o. Let j(h) = -h**2 - 2*h + 2. What is j(d)?
-13
Let u be (18 + -19)*2/(-2). Let o(w) = 6*w**3 + w**2 - w + 1. What is o(u)?
7
Let j(s) be the second derivative of s**2 + 5/6*s**3 - 1/20*s**5 + 6*s - 5/12*s**4 + 0. Give j(-6).
8
Let k(h) be the third derivative of -h**5/30 - h**4/4 + 2*h**2 + 17*h. Calculate k(-4).
-8
Let j(n) = -2*n + n**3 + 0*n**3 - 6*n**2 + 1 - 3*n. What is j(7)?
15
Suppose -9*f + 10*f = 0. Suppose 3*n - 3 = -f. Let v(q) = 11*q**2. Determine v(n).
11
Suppose -5*d - 4*j = 10, -3*j - 1 = -4*d + 22. Let s(u) = u + d*u - 3*u + 1 + 2*u. Let a(w) = w + 1. Le